the highest common divisor of 36 and 47661282?
18
Calculate the highest common divisor of 671 and 90351248.
61
Calculate the highest common divisor of 96439 and 397417.
23
What is the greatest common factor of 376 and 1650794?
2
Calculate the highest common divisor of 198 and 3964374.
18
Calculate the greatest common factor of 65984 and 13351450.
2062
Calculate the greatest common divisor of 1836 and 8456508.
108
Calculate the greatest common factor of 15 and 4675978.
1
Calculate the highest common divisor of 26491 and 239009.
59
What is the greatest common divisor of 738504 and 124136?
2104
Calculate the greatest common divisor of 52000 and 93120.
160
What is the highest common factor of 37 and 37848521?
37
What is the greatest common divisor of 5692395 and 4577?
199
What is the greatest common divisor of 131 and 25171519?
131
What is the highest common factor of 177261270 and 70026?
6366
Calculate the highest common factor of 3870 and 75197110.
430
What is the greatest common divisor of 769325 and 12175?
25
Calculate the highest common divisor of 1920 and 3743040.
960
What is the greatest common divisor of 28113408 and 216?
72
Calculate the highest common factor of 5 and 747327015.
5
Calculate the greatest common divisor of 28 and 5471557.
7
What is the highest common divisor of 77001518 and 487?
487
Calculate the greatest common divisor of 33671099 and 1386.
77
Calculate the highest common divisor of 1547048 and 872.
8
Calculate the greatest common factor of 1790 and 92500.
10
What is the greatest common factor of 2192 and 686233?
137
Calculate the greatest common factor of 20228103 and 4644.
1161
What is the greatest common factor of 2 and 3177619?
1
What is the highest common divisor of 8275205 and 4084?
1021
Calculate the greatest common factor of 15528888 and 3672.
3672
Calculate the highest common divisor of 3632551 and 1196.
299
What is the greatest common divisor of 25900 and 626595?
185
What is the highest common factor of 388025691 and 3126?
1563
Calculate the greatest common divisor of 319808 and 964288.
1216
What is the highest common factor of 2303 and 1054730243?
2303
What is the highest common factor of 96 and 69104112?
48
Calculate the greatest common divisor of 11254359 and 981.
327
What is the highest common divisor of 13291784 and 264?
88
Calculate the greatest common divisor of 12 and 77147256.
12
What is the greatest common factor of 83 and 7482367?
83
What is the highest common divisor of 11520 and 1931940?
180
Calculate the highest common divisor of 19446 and 5610.
6
Calculate the highest common divisor of 24 and 586932.
12
What is the greatest common factor of 2046 and 27132564?
186
What is the highest common divisor of 9849667 and 13745?
2749
Calculate the highest common divisor of 1930 and 25141145.
965
Calculate the highest common factor of 44611400 and 238.
34
Calculate the greatest common divisor of 7783 and 28951126.
43
Calculate the highest common factor of 156 and 17450368.
52
What is the greatest common factor of 952582 and 49454?
158
What is the greatest common factor of 2161992 and 150416?
952
Calculate the greatest common factor of 32 and 54046752.
32
What is the highest common divisor of 40670125 and 2190?
365
What is the highest common divisor of 544 and 50344504?
8
What is the highest common divisor of 13896513 and 1893?
1893
What is the highest common divisor of 9 and 92336?
1
Calculate the greatest common divisor of 1081920 and 15640.
920
What is the highest common divisor of 13 and 6856826?
1
What is the greatest common factor of 48 and 155213792?
16
Calculate the greatest common divisor of 624945 and 218685.
915
Calculate the greatest common divisor of 836 and 84854836.
836
Calculate the highest common factor of 136 and 13899784.
8
Calculate the highest common divisor of 174714022 and 2702.
2702
What is the greatest common divisor of 32 and 2007392?
32
What is the greatest common divisor of 1237507833 and 3?
3
Calculate the greatest common factor of 138768 and 73794.
294
What is the highest common divisor of 904799875 and 460?
115
Calculate the highest common factor of 884602112 and 992.
992
Calculate the highest common divisor of 71685 and 120717.
27
What is the highest common factor of 234213 and 7749?
21
What is the greatest common divisor of 6916 and 2932244?
28
Calculate the highest common factor of 51 and 67512.
3
What is the greatest common divisor of 648861 and 1271?
31
What is the highest common divisor of 2261 and 765646?
119
Calculate the greatest common factor of 12152 and 285107186.
3038
What is the greatest common factor of 154 and 36426236?
154
What is the highest common factor of 10730938 and 8108?
4054
Calculate the greatest common factor of 63 and 1475971.
7
What is the greatest common divisor of 708253 and 903?
301
Calculate the highest common factor of 31 and 62836597.
31
What is the greatest common divisor of 1755 and 140210460?
1755
What is the highest common factor of 40989 and 22610163?
3153
Calculate the highest common factor of 468 and 139390836.
156
What is the greatest common factor of 834323 and 3626?
49
Calculate the greatest common divisor of 775 and 1377020.
155
What is the greatest common divisor of 3442192 and 117?
13
Calculate the greatest common factor of 2432 and 52163360.
608
What is the greatest common factor of 28042362 and 205578?
7614
Calculate the greatest common factor of 35640 and 21920.
40
Calculate the highest common divisor of 110212 and 158474.
118
What is the highest common divisor of 16644 and 789830?
38
Calculate the greatest common divisor of 445424 and 1228990.
1358
Calculate the highest common divisor of 323304 and 229368.
456
What is the highest common divisor of 32734 and 39978286?
2518
What is the greatest common factor of 2612740 and 11804?
52
Calculate the greatest common factor of 6041018 and 9962.
34
What is the greatest common divisor of 5320 and 19601920?
760
Calculate the greatest common divisor of 1712 and 45710935.
107
Calculate the highest common factor of 275722 and 23674.
178
What is the greatest common divisor of 1134 and 2628198?
18
What is the greatest common factor of 17082 and 150462?
234
Calculate the highest common divisor of 88 and 611856520.
88
What is the greatest common divisor of 1912170 and 7680?
30
Calculate the highest common factor of 4172924 and 266.
14
What is the highest common factor of 506 and 11585431?
11
Calculate the greatest common factor of 2494368 and 8032.
32
What is the highest common factor of 84312294 and 165?
33
What is the highest common divisor of 46240 and 32654110?
2890
Calculate the highest common factor of 1014 and 233106.
6
Calculate the greatest common factor of 295 and 5501.
1
Calculate the highest common divisor of 594 and 21981278.
22
What is the greatest common factor of 602280780 and 120?
60
What is the greatest common divisor of 1617 and 3838317?
147
Calculate the highest common factor of 1779241 and 51.
1
What is the highest common factor of 4145488 and 8?
8
Calculate the greatest common factor of 24117827 and 421.
421
Calculate the highest common divisor of 1202879 and 7461.
829
Calculate the greatest common divisor of 14637870 and 12870.
1170
What is the highest common factor of 708671221 and 122?
61
What is the greatest common divisor of 5104 and 2990512?
16
What is the greatest common factor of 567033934 and 37784?
9446
Calculate the greatest common factor of 50700 and 320950.
50
What is the highest common divisor of 2780441 and 635132?
1159
Calculate the highest common divisor of 98815 and 20.
5
What is the highest common factor of 573238982 and 46?
46
What is the greatest common divisor of 28189236 and 684?
228
What is the greatest common divisor of 111 and 6204654?
3
What is the greatest common divisor of 3842 and 5751248?
226
What is the highest common divisor of 602632 and 3944?
8
Calculate the highest common factor of 1728 and 91503.
27
Calculate the greatest common divisor of 16608 and 3368.
8
What is the highest common divisor of 154703556 and 7308?
252
Calculate the greatest common factor of 192 and 2856.
24
What is the highest common divisor of 11158992 and 3384?
72
What is the greatest common factor of 179 and 37373410?
179
What is the highest common factor of 1036